 w be 9/2*36/81. Determine r(w).
-8
Let x(l) = l**3 - 5*l**2 + 7*l - 15. Let h be x(4). Let k(w) = 3*w + 1. Calculate k(h).
-8
Let p(h) = 4*h**2 - h**3 - h**3 - 2*h + 1 - 2. Let w(f) = -4*f - 4*f - 5 + 5*f - 3*f + f**2. Let c be w(7). Calculate p(c).
-5
Let t(h) be the first derivative of 3/2*h**2 + h**3 - 1/4*h**4 - 4 + 2*h. Give t(4).
-2
Let x(a) be the second derivative of -a**5/20 + a**4/4 + a**3/6 - 3*a**2/2 - a - 11. Determine x(4).
-15
Let f(s) be the third derivative of -s**4/24 - s**3/6 - 9*s**2. Suppose -q + 1 = -1. Let n be q/3 + (-20)/12. Give f(n).
0
Suppose -5*r = -9 - 1. Let x(g) = 4 + 3*g**2 - r*g**2 + 7*g - 4*g. Suppose 7*a - 5*a + 6 = 0. What is x(a)?
4
Let z(k) be the third derivative of -k**4/8 + k**3/2 + 11*k**2. Suppose 0 = -2*w + 3*w - 11. Suppose 4*r + 2*c = 18, w = -3*r - 4*c + 37. Determine z(r).
-3
Let l be (-3 - 5)*6/(-4). Let k = l + -17. Let t(m) = -6*m + 2*m + 1 - m**2 - 2. What is t(k)?
-6
Suppose 3*c = -1 + 13. Let a(z) = z**3 - 12*z**2 - 12*z - 9. Let o be a(13). Let k(r) = -o + 4*r - r**2 + 0 - r + 2*r. Determine k(c).
0
Let k(w) = -14*w + 2. Let p(m) = 7*m - 1. Let y(r) = -6*k(r) - 13*p(r). Determine y(1).
-6
Suppose 2*f - 2 = 6. Let c(b) = b**2 + b. Let a(z) = -3*z**2 - 4*z - 1. Let u(s) = f*c(s) + a(s). Give u(-1).
0
Let i be 9/15 - 54/(-10). Let o(h) = 3*h - 6*h + h + i + 3*h. Calculate o(5).
11
Let l(y) be the first derivative of -y**2/2 + 1. Give l(-2).
2
Let t(g) = -g**2 + g + 2. Let d be t(0). Let q(k) = -4*k**2 + 2*k**d - k - 2*k. What is q(-2)?
-2
Let g(q) = -6*q**2 + 6*q. Let f(k) = 7*k**2 - 7*k. Let l be 9/(-2)*12/(-9). Suppose -5*j + l = -3*j. Let r(m) = j*f(m) + 4*g(m). Determine r(2).
-6
Let u(i) = i + 10. Let m(j) = -j + 2. Let s be m(4). Let g be (3 + -1 - 2)/s. What is u(g)?
10
Let x be (-4)/(-3*2/(-6)). Let s = 10 + x. Let a(g) = g**2 - 5*g - 1. Let w be a(s). Let m(n) = n + 1. Calculate m(w).
6
Let b(k) = 4. Let x(l) = l - 6. Let f(q) = 5*b(q) + 2*x(q). Calculate f(-6).
-4
Let o(c) be the first derivative of c**5/120 + c**4/12 - c**3/3 + 1. Let v(j) be the third derivative of o(j). What is v(-4)?
-2
Let s(n) = -4*n**3 + 21*n - n**2 + 3*n**3 - 2 - 20*n. Calculate s(2).
-12
Let j(m) = 1 + m**2 + 2*m**3 + 2*m**3 - 2*m**2. Let h = -3 - -4. What is j(h)?
4
Let c(q) = 4*q - 1. Let v(t) = -t**3 + 4*t**2 - 2*t - 2. Let b be v(3). Give c(b).
3
Let z be (4 - 4)/(4/2). Suppose b + 4*b = z. Let a(k) = -k**3 - 3*k**3 + 3*k**3 + k**2 + 4. What is a(b)?
4
Suppose 0 = -0*s + 4*s. Suppose s = 2*d + 7 - 1. Let f(y) = -y**2 + y + 4. Determine f(d).
-8
Suppose -10*j + 15*j = -o - 15, -4*o = j + 22. Let a(b) = b**3 + 5*b**2 + 2*b - 6. What is a(o)?
-16
Let v(x) be the third derivative of -x**4/4 + x**2. What is v(-4)?
24
Let v = 0 - -1. Let s(r) = -r**2 + 5*r - 4*r**2 - 4*r - r**2. Calculate s(v).
-5
Let l(x) = -x + 8. Let b be l(6). Suppose d = -b - 0. Let i(q) = -2*q + 11. Let r(m) = m - 5. Let o(n) = d*i(n) - 5*r(n). What is o(5)?
-2
Let l(k) be the third derivative of -k**5/60 - k**4/2 - k**3 + 23*k**2. What is l(-12)?
-6
Let f(r) = 30 + r - 3*r - 38. Calculate f(-6).
4
Let z(h) = -2*h - 4*h**2 - 2 + 3*h**2 + 5*h. Determine z(4).
-6
Let t be -4 - (-11 - -3) - 3. Let o(x) = -18*x + 1. Give o(t).
-17
Let l(t) = 2*t + 1. Let c(a) = -2*a - 4. Let h be c(-7). Suppose -f = 4*f - h. Let p be l(f). Let z(w) = -w**2 + 5*w - 3. What is z(p)?
-3
Let d(l) = 2*l + 6. Let t(f) = -f - 1 - 2*f + 3*f + f**2. Let x be t(1). Suppose x = -s - 4*s - 20. Calculate d(s).
-2
Let s(y) = -2*y + 2. Suppose -18 = -3*u + 3*w, -u + 3*w = u - 9. Suppose 0 = -4*b + 2*b - 20. Let v be (u/(-15))/(2/b). Calculate s(v).
-4
Let z(d) = 150 - 150 + 5*d. Determine z(2).
10
Suppose 0*o + 6 = o. Suppose 0 = -5*q + 4*h - 24, -3*q + 3*h - 9 - o = 0. Let a(d) = 3*d + 6. Determine a(q).
-6
Let p = 11 + -9. Suppose 0 = -2*o - 2*n + 5*n + 23, -18 = -2*o + p*n. Let u(w) = -w**2 + 7*w - 4. Determine u(o).
8
Let s(j) = 3*j**3 + 5*j**2 - 4. Let d(a) = -16*a**3 - 25*a**2 - a + 19. Let g(f) = -2*d(f) - 11*s(f). Give g(-5).
-4
Suppose -1 = 2*z - 9. Let f = z - 2. Let t(n) = -n**2 - n + 2. Determine t(f).
-4
Let v(r) be the third derivative of -r**4/8 + r**3 - r**2. Suppose 2*q = 8 + 2. What is v(q)?
-9
Let o = -6 - -8. Let j(n) = -4 + 0*n + 2 + n**o - n. Give j(0).
-2
Let n(b) = b**2 + 7*b - 5. Suppose 0 = 2*d - 7 - 5. Suppose 3*z = 2*z - d. What is n(z)?
-11
Let p be (-8)/(-6)*3 - -1. Let x(v) = -v + 7. What is x(p)?
2
Let q(o) = -2*o - 4. Let f(a) = -a - 14. Let g be f(-6). Determine q(g).
12
Let v(a) = -a - 11. Let j be v(-12). Let g(q) = -5*q + 1. Give g(j).
-4
Let z be ((-2)/3)/(1 + 56/(-72)). Let q(t) = t**3 + 3*t**2 + t - 2. Give q(z).
-5
Let j = -6 - 1. Let r(q) = -4*q**3 + 5*q**2 - 6*q + 3. Let n(x) = 9*x**3 - 10*x**2 + 12*x - 5. Let w(l) = j*r(l) - 3*n(l). What is w(4)?
2
Let f(w) = -w - 4. Suppose -2*g = -2*v + 1 + 3, 4*g = 2*v - 2. Determine f(v).
-7
Let b(h) = h**3 - 6*h**2 - 6*h + 2. Let t(f) = -f + 1. Let p(l) = b(l) + 2*t(l). Calculate p(7).
-3
Suppose 0 = -0*b + 3*b. Let t(g) = g**3 + g**2 - g - 7. Let j(m) = -m**3 - 2*m**2 + m + 7. Let u(d) = 2*j(d) + 3*t(d). What is u(b)?
-7
Let j(r) = -2*r. Let x(i) = 8*i - 1. Let k(l) = 9*j(l) + 2*x(l). Calculate k(-3).
4
Let f = -29 - -21. Let b = 7 + f. Let n be 5*4/(-5)*b. Let t(q) = -q + 7. Give t(n).
3
Let m be ((-6)/(-24) - (-10)/24)*3. Let y(d) = d**2 - d + 2. Determine y(m).
4
Suppose 2*d - 10 = n, -d - 2*d + 20 = n. Let k(j) = j**2 - 5*j - 2. Give k(d).
4
Let j be 5*(-2)/(1 + 1/1). Let q(n) = 5 - n + 2*n + 4*n - 3*n. Determine q(j).
-5
Let o = -49 - -52. Let k(q) = -q**3 + 3*q**2 - 2*q - 3. Give k(o).
-9
Let b(d) be the second derivative of d**5/20 - 5*d**4/12 + 5*d**3/6 + 3*d**2/2 + 16*d. Determine b(4).
7
Let y(u) = u + 3. Let n be y(-5). Let c = 1 - n. Let z(v) = 0 - v**2 + c*v + 2 + 3. Determine z(5).
-5
Let b(c) = 6*c - 3. Let j(g) = 17*g - 10. Let k(y) = -11*b(y) + 4*j(y). Calculate k(7).
7
Let q = 0 + 3. Let b(k) = -k - 11370 + 11370. Calculate b(q).
-3
Let j(o) be the first derivative of 0*o**5 + 0*o - 1/120*o**6 - 3/2*o**2 - 1/6*o**3 + 1/12*o**4 - 3. Let u(p) be the second derivative of j(p). Determine u(-2).
3
Let i(n) = n - 1. Let s be i(-1). Let h be 1/3*(1 - s). Let a(d) = 2*d + 5. Let x(u) = 3*u + 9. Let k(f) = 11*a(f) - 6*x(f). Give k(h).
5
Let i(a) = a - 5. Let k(u) = -6 + 96*u - 46*u - 49*u. Let f(p) = 4*i(p) - 3*k(p). Calculate f(0).
-2
Suppose -5*y + 13 = -2. Suppose 5*i + 3*o = i + 7, -9 = y*o. Let j(g) = 3*g - 2. Calculate j(i).
10
Let g(d) = d**2 - 9*d + 6. Suppose 2*i - 8 = -0*i. Let s be ((-16)/i)/(-3 - -2). Determine g(s).
-14
Let i be 0 + 1 + 3/3. Suppose 4*q - 4*h - 23 = h, 3*q - 2*h = 12. Let v(t) = i*t - 5*t + 3 + t**3 - 5 - 4*t**q. Determine v(5).
8
Let l(t) be the third derivative of t**6/120 - 2*t**5/15 + t**4/4 + t**3/6 + t**2 - 22. Determine l(7).
-6
Let q(s) = 30*s + 3. Let y(u) = u + 1. Let p(j) = -9*j. Let a(f) = p(f) - y(f). Let c(k) = 8*a(k) + 3*q(k). Let l = -10 + 9. Determine c(l).
-9
Let d = 2 + -1. Let r(z) = 5*z + 2. Let w be r(2). Let b(m) = 0*m**3 + m**3 + 11*m**2 + m - w*m**2. Determine b(d).
1
Let t(g) be the third derivative of g**4/24 - g**3/2 - 8*g**2. What is t(0)?
-3
Let g(r) = -2*r + 2. Let b be g(0). Let t(m) = m - 4. Determine t(b).
-2
Let r(n) = -n. Let d(u) = 8*u - 1. Let i(p) = d(p) + 4*r(p). Give i(1).
3
Let c be ((-3)/2)/(36/(-48)). Let q(m) = -2*m + 3. What is q(c)?
-1
Let a(y) = -y**3 + 3*y**2 - y - 2. Let t be (-3)/(3/6*-4 + 1). What is a(t)?
-5
Let y(j) = j - 4. Let l be 1 - -8 - (2 - 0). Let s be y(l). Suppose 5*b - 5*m = -5, 3*b + s = -3*m - 0. Let o(x) = -6*x. Calculate o(b).
6
Let j be 0/2 - -1 - -3. Suppose j*s = -3*p + 4*p + 15, 3*s - 5*p = 24. Suppose -s*w - 1 = -4*w. Let f(a) = -7*a + 1. What is f(w)?
-6
Let k(r) = -r**2 - 13*r - 12. Let v(p) = -2*p**2 - 27*p - 23. Let f(i) = -5*k(i) + 2*v(i). Let t be f(-10). Let b(g) = 2*g**2 - 6*g + 5. Calculate b(t).
13
Let z(j) = 19*j - 9. Let l(t) = 9*t - 4. Let y = -5 - 2. Let x(b) = y*l(b) + 3*z(b). Determine x(-1).
7
Suppose 4*a - 2 = 3*a. Suppose v - 2*u + 10 = 3*v, -v - 4*u + 14 = 0. Let p(x) = a - 3*x - 1 - v*x. Give p(1).
-4
Let o(a) = a**2 + 3*a + 3. Suppose -8 = 3*v + 4. Let m be (v/(-6))/((-2)/12). What is o(m)?
7
Suppose 0 = -3*h + 2*j - 7, -2*h - h + 4*j - 5 = 0. Let y(